What is the tens digit of i?
2
Let o(k) = 1880*k + 65. What is the hundreds digit of o(1)?
9
Let j(d) = 125*d**2 + d + 6. What is the hundreds digit of j(-2)?
5
Let s(x) be the second derivative of x**4/12 - x**3 + 45*x. Suppose 4*l + 15 = l. What is the tens digit of s(l)?
5
Suppose 4*i - 8 - 4 = 0. Suppose 378 = i*u + 75. What is the tens digit of u?
0
Let f(o) = -o**3 + 6*o**2 - 4*o - 5. Let l be f(5). Suppose 0 = 3*q - 5*d - 64, 3*q + 0*q + d - 88 = l. What is the tens digit of q?
2
Suppose 0 = -3*u + 4*u - 198. What is the hundreds digit of u?
1
Let z(x) = -2 - 8*x**3 - 3*x + 4*x**2 - 4*x**2 - 2*x**3 - 4*x**2. Let u be z(-2). What is the units digit of (0 + -1)*u/(-2)?
4
Suppose 0 = 11*n - 13*n + 10. What is the tens digit of n*((-84)/(-15) - 3)?
1
Let y(l) = -l**2 + 10*l - 5. Let k(q) = 2*q - 3. Let p be k(0). Let t be 60/p*(-4)/10. What is the tens digit of y(t)?
1
Suppose 3*q = u + 1104, 4*u + 1465 = 5*q - 382. What is the tens digit of q?
6
Let k = -646 - -809. What is the hundreds digit of k?
1
Suppose -4*q - 250 = -2*s, 5*q = -s + 77 + 83. What is the units digit of s?
5
Suppose 8*v - 2*v = 30. Suppose -z + v = -43. What is the units digit of z?
8
Suppose 4*f + 3*m - 1365 = 5894, -4*m + 4 = 0. What is the units digit of f?
4
Let i = -215 - -312. Let s = 53 - i. What is the tens digit of -1*(4 - 5) - s?
4
Suppose 35 = 3*k + 638. Let n = k + 431. What is the tens digit of n?
3
Let o(r) be the first derivative of 11*r**3/3 - r - 6. Let u be o(1). What is the tens digit of ((-56)/10)/((-2)/u)?
2
Let m(v) = -3*v**2 - v + 2. Let i be m(1). What is the units digit of (-4 + i)/((-2)/13)?
9
Suppose 46*v + 304 = 48*v. What is the units digit of v?
2
Suppose -a - 4*q - 7 = 0, -2*q - 3*q = -a + 20. Suppose 0 = -l - a*v - 2 + 3, 0 = -4*l + 4*v + 100. What is the tens digit of l?
2
What is the units digit of 2/(8/(-12)) + (2 - -289)?
8
Suppose 70*b = 77*b - 3017. What is the hundreds digit of b?
4
What is the units digit of (-27)/12*((-80)/(-8) + -502)?
7
Let b(k) be the first derivative of 10*k**3/3 + 4*k**2 + 2*k - 13. What is the units digit of b(3)?
6
Let i(u) = 55*u**3 + u**2 + u. Let a be i(-1). Suppose -36*r = -37*r - 32. Let s = r - a. What is the units digit of s?
3
Suppose 0 = -w + 1069 + 3. What is the hundreds digit of w?
0
Let b(o) = o**3 + 5*o**2 - o - 4. Let n be b(-5). Let c(h) = -13*h + 28. Let g be c(2). What is the tens digit of 22/g*1*n?
1
Suppose 2*q - 10 = q. Let j be q/45 - (-4)/(-18). What is the units digit of (j - -17) + 1*-3?
4
Suppose 14*c - 12655 = -2953. What is the hundreds digit of c?
6
Let v(y) = y + 9. Let g be v(-4). Let z(b) = 2*b**2 + 3*b + 6. What is the units digit of z(g)?
1
Let v = -6 + -1. What is the units digit of (-7 + 4 + 2)*v?
7
Suppose u - 5*c - 24 = 0, -u = -2*u - 3*c. Let k = u + -6. Suppose -2*x = 8, 2*s + k*x + 0 - 6 = 0. What is the units digit of s?
9
Let s be (-5)/((-15)/(-21))*-1. Suppose 7 = s*q - 14. Suppose -2*n + 3*v - 20 = -6*n, -4*v = -q*n + 40. What is the units digit of n?
8
What is the units digit of 400 + 21/14*-2?
7
Let v be -2 + 8/2 - 1. What is the tens digit of 1/(0 + v/19)?
1
Suppose f = -5 + 9. Suppose 8*a + f*i - 139 = 3*a, -3*a - i = -89. What is the tens digit of a?
3
Let l = 5 - 2. Suppose 5*z = 2*u + 58, 2*z = l*u + 23 + 9. What is the units digit of (-35)/z*(2 + -4)?
7
Let a(u) = u**3 + 18*u**2 - 78*u - 3. What is the units digit of a(9)?
2
Let j(z) = 2*z + 39. Let u(a) = -3*a - 78. Let k(q) = -13*j(q) - 6*u(q). What is the units digit of k(-6)?
9
Suppose 4*d = 0, 4*r - 2*d + 5*d - 8 = 0. Suppose 0 = j + r*j - 72. What is the tens digit of j?
2
Let o be 18 + -21 + 2*5. Let c(j) = j**2 + 2*j - 4. Let y be c(4). Suppose -3*d + 12 = x, 2*x - y = -d + o*x. What is the units digit of d?
5
Let l = 30 - 25. Suppose 0*n - 4*y + 358 = l*n, -n - 4*y + 62 = 0. What is the units digit of n?
4
Let f = 8 - 6. Suppose 4*a + 20 = l, -f*l + 45 = 5*a - 34. What is the tens digit of l?
3
Let p be ((-304)/(-3))/((-2)/(-6)). Suppose o = 9*o - p. What is the units digit of o?
8
Suppose 1 = -5*m - 4*b + 6, 37 = -4*m + 5*b. What is the units digit of 1488/(-72)*m/2?
1
Let l = 690 - -47. What is the hundreds digit of l?
7
Let p be (-18)/(-99) - 38/(-22)*-3. Let i(f) = -2*f**3 - 3*f**2 + 10*f + 15. What is the units digit of i(p)?
0
Suppose 13279 = 17*k - 3041. What is the units digit of k?
0
Let i(q) = -2*q**3 + 2 + q**3 + 2*q**3 - 5*q + 3*q. Suppose 0 = -o - 1 + 3. What is the units digit of i(o)?
6
Suppose 0 = 28*f - 46*f - 252. Let s(q) = -6*q**2 + 70*q + 131. Let c(t) = t**2 - 14*t - 26. Let n(r) = -11*c(r) - 2*s(r). What is the units digit of n(f)?
4
Suppose -7*u + 4923 = -2224. What is the tens digit of u?
2
Let q(l) = 2*l - 6*l**3 + 6 + 3*l**2 + 5*l**3 + 2*l. Let a be q(4). What is the units digit of (-2)/a + (-55)/(-3)?
8
Let f(c) = 9*c**2 + c + 75. What is the units digit of f(14)?
3
Suppose 2*p = -3*r + 12265, 167*r + 3*p = 170*r - 12240. What is the tens digit of r?
8
Let j(t) = -t**3 - 3*t**2 + 9*t + 8. Let z(g) = -g. Let p(b) = j(b) + 5*z(b). Let h(f) = 2*f + 3. Let n be h(-4). What is the units digit of p(n)?
8
Suppose 5225 = -285*s + 290*s. What is the thousands digit of s?
1
Let v = 13 - 13. Let j(h) = 2*h + 3. Let i be j(v). Suppose 0*x = -5*x + i*a + 89, 0 = -3*x + 3*a + 51. What is the tens digit of x?
1
Let h(o) = -10*o - 5. Let w be h(-1). Suppose -3*m - 298 - 255 = -w*q, 5*m = -3*q + 359. What is the tens digit of q?
1
Suppose -753 - 2972 = -2*q - p, -3*q + 5584 = 5*p. What is the thousands digit of q?
1
Let q(k) = k**2 + 652. What is the units digit of q(0)?
2
Let w(k) = 2*k**2 + 47*k - 136. What is the thousands digit of w(-47)?
2
Let n be 3 + 10/(8/4). Suppose h - 40 = -n. What is the tens digit of h?
3
Let f = 2957 + -1020. What is the units digit of f?
7
Let b = -18 - -19. Let h(q) = 36*q**2 + 2*q - 2. What is the tens digit of h(b)?
3
Suppose 0 = d - 9 + 3. What is the units digit of ((-2)/6)/(d/(-522))?
9
Suppose -3*y + 21 = s - 15, -s + 32 = 2*y. Suppose s = -0*k + 3*k. What is the tens digit of ((-44)/16)/((-1)/k)?
2
Suppose 2*d - 1306 = -2*g, 2973 = 5*d + 4*g - 288. What is the units digit of d?
9
Let n(x) = -x**2 - 8*x - 10. Let w be n(-7). Let g be (w - 21/(-6))*52. Suppose -g = -3*p + 34. What is the units digit of p?
0
Let k(s) = 10*s + 5. Let d be k(-2). What is the units digit of 4/(-20) - 183/d?
2
Let p(s) = -s**3 - 2*s**2 + 2*s - 7. Let q be p(5). Let v be 2/9 - q/36. What is the units digit of (66/(-11))/((-1)/v)?
0
Suppose 6*u = 4*u + 4. Suppose -p = -4*x + 4, 0 = -4*x - 5*p - 9 - 11. Suppose n - u - 6 = x. What is the units digit of n?
8
Let o be (-4)/((56/6)/(-7)). Suppose 4*p - 52 = -2*v, 3*v + o*p - 33 = 48. What is the units digit of v?
8
Let a = 72 - 62. What is the units digit of (6/a)/(-3) + (-592)/(-10)?
9
Let b(x) be the second derivative of -2*x + 0 - 5/6*x**4 + 3*x**2 - 1/20*x**5 + 11/6*x**3. What is the units digit of b(-11)?
6
What is the tens digit of -6 + -3 - 277*-5?
7
Suppose 37*k - 35*k - 642 = 0. What is the hundreds digit of 2/(969/k + -3)?
1
Let c be 1/4 + (-90)/(-24). Let x be (4 - -4)/c + 2. Suppose 0 = -x*r + 489 - 161. What is the units digit of r?
2
Let t(h) = -h**2 + 11*h. Let r be t(11). Suppose -y + 57 = -4*x - 91, 3*x - 9 = r. What is the hundreds digit of y?
1
Let q = -92 - -173. Let k = -51 + q. What is the tens digit of k?
3
Suppose 1810 = 4*y - 530. Suppose -4*j = 5*j - y. What is the tens digit of j?
6
Suppose 0 = -y + j + 990, 1974 = 2*y - 0*y + j. What is the hundreds digit of y?
9
Suppose -105 - 135 = -4*w. What is the units digit of w?
0
Let o(s) be the second derivative of s**7/1260 - s**6/144 - 7*s**4/12 + 5*s. Let a(u) be the third derivative of o(u). What is the units digit of a(3)?
3
Let r = 26 + -19. Let j(a) = -2 - 2 + 9*a + r. What is the tens digit of j(3)?
3
Let j = -822 - -1098. What is the tens digit of j?
7
What is the thousands digit of (-30)/(-18)*2*4362/10?
1
Suppose 0 = -5*q + 3*q - 5*c + 18, 0 = 3*c. What is the units digit of (q/1)/(7 + (-6)/1)?
9
Suppose 4*h + 39 = 5*s, 3*s - 15 = -2*s. Let n = h + 10. Suppose -3*c = -0*c + n*y - 58, 0 = 2*c + 5*y - 34. What is the units digit of c?
2
Suppose 0 = 3*i + n - 204, -4*i + 2*n = -235 - 37. What is the units digit of i?
8
Suppose 3*n - 3*g + 6*g